13?
-1
-641 (base 8) to base 14
-21b
What is 4 (base 16) in base 15?
4
-2 (base 9) to base 10
-2
What is 45 (base 7) in base 6?
53
-162 (base 9) to base 14
-9b
-3 (base 6) to base 13
-3
Convert 45 (base 9) to base 7.
56
What is -1343 (base 5) in base 13?
-142
What is 20 (base 5) in base 14?
a
13 (base 5) to base 16
8
Convert -32 (base 10) to base 13.
-26
Convert -29 (base 16) to base 10.
-41
Convert 22 (base 5) to base 9.
13
Convert -2 (base 12) to base 4.
-2
Convert -30 (base 12) to base 5.
-121
What is 8 (base 13) in base 11?
8
What is 3 (base 16) in base 2?
11
What is -24 (base 15) in base 16?
-22
10010010 (base 2) to base 16
92
Convert -11 (base 8) to base 14.
-9
What is 153 (base 12) in base 8?
317
Convert c (base 16) to base 3.
110
What is 2 (base 11) in base 7?
2
What is 110 (base 2) in base 14?
6
What is 302 (base 9) in base 10?
245
What is 10 (base 4) in base 11?
4
Convert -1 (base 4) to base 9.
-1
What is 2 (base 4) in base 8?
2
-9 (base 11) to base 7
-12
What is -11 (base 12) in base 16?
-d
What is -5 (base 12) in base 6?
-5
2 (base 10) to base 6
2
4 (base 16) to base 9
4
-53 (base 9) to base 2
-110000
-3 (base 12) to base 7
-3
Convert 3 (base 13) to base 15.
3
Convert 54 (base 9) to base 15.
34
Convert -2212 (base 4) to base 5.
-1131
Convert -bd (base 15) to base 4.
-2302
4 (base 13) to base 7
4
0 (base 13) to base 6
0
Convert -2 (base 7) to base 6.
-2
-2122 (base 4) to base 11
-130
Convert 5 (base 15) to base 4.
11
Convert -1100 (base 3) to base 9.
-40
11 (base 13) to base 14
10
-10 (base 3) to base 6
-3
Convert 107 (base 8) to base 3.
2122
Convert 12120 (base 3) to base 10.
150
Convert -e (base 15) to base 13.
-11
What is 0 (base 7) in base 12?
0
Convert 3 (base 13) to base 2.
11
What is 100 (base 8) in base 11?
59
Convert 130 (base 5) to base 4.
220
What is -21 (base 8) in base 7?
-23
What is -c (base 16) in base 14?
-c
Convert -30 (base 8) to base 3.
-220
What is 8 (base 12) in base 3?
22
Convert 4 (base 13) to base 2.
100
What is 170 (base 13) in base 6?
1112
What is 2 (base 6) in base 7?
2
What is 113 (base 6) in base 13?
36
What is 3030 (base 4) in base 12?
150
-26 (base 10) to base 11
-24
-5 (base 13) to base 9
-5
-20 (base 6) to base 11
-11
Convert 29 (base 10) to base 6.
45
6 (base 14) to base 3
20
What is -15 (base 11) in base 13?
-13
-3 (base 12) to base 7
-3
Convert -199 (base 10) to base 7.
-403
What is -2 (base 10) in base 3?
-2
Convert 7 (base 14) to base 7.
10
What is -6 (base 10) in base 6?
-10
-2342 (base 5) to base 3
-110212
Convert -14 (base 10) to base 16.
-e
4 (base 14) to base 15
4
What is 5 (base 13) in base 2?
101
Convert 233 (base 4) to base 6.
115
-71 (base 14) to base 4
-1203
What is 45 (base 13) in base 15?
3c
What is -1202 (base 4) in base 14?
-70
What is 6 (base 11) in base 9?
6
What is -12 (base 13) in base 14?
-11
Convert 215 (base 10) to base 7.
425
-37 (base 10) to base 13
-2b
What is -11 (base 2) in base 8?
-3
-2 (base 15) to base 9
-2
Convert -1212 (base 4) to base 14.
-74
0 (base 9) to base 4
0
What is 11 (base 14) in base 13?
12
What is -31 (base 8) in base 9?
-27
1011 (base 3) to base 7
43
Convert -48 (base 14) to base 13.
-4c
Convert 0 (base 12) to base 7.
0
Convert 22d (base 14) to base 13.
274
What is -15 (base 6) in base 3?
-102
What is 1 (base 2) in base 5?
1
22 (base 9) to base 10
20
-12 (base 5) to base 9
-7
Convert 38 (base 15) to base 11.
49
Convert 1001000 (base 2) to base 12.
60
What is -103 (base 8) in base 10?
-67
53 (base 16) to base 8
123
Convert -15 (base 11) to base 8.
-20
2 (base 16) to base 7
2
14 (base 8) to base 14
c
What is -24 (base 11) in base 4?
-122
What is 1d (base 16) in base 2?
11101
Convert 131 (base 10) to base 3.
11212
Convert -7 (base 16) to base 6.
-11
2231 (base 4) to base 6
445
What is 14 (base 6) in base 16?
a
What is 1a (base 16) in base 11?
24
11 (base 3) to base 2
100
-2 (base 13) to base 6
-2
21 (base 5) to base 14
b
0 (base 13) to base 16
0
What is 162 (base 7) in base 12?
79
What is -11 (base 7) in base 13?
-8
What is 222 (base 3) in base 4?
122
Convert 23 (base 4) to base 13.
b
Convert 82 (base 16) to base 11.
109
3 (base 4) to base 12
3
Convert 14 (base 11) to base 6.
23
2 (base 15) to base 16
2
3 (base 14) to base 2
11
Convert 3 (base 13) to base 9.
3
Convert 6 (base 7) to base 11.
6
Convert 14 (base 9) to base 5.
23
6 (base 8) to base 16
6
Convert -3 (base 6) to base 3.
-10
What is 1001 (base 3) in base 13?
22
Convert -b (base 12) to base 15.
-b
-1 (base 5) to base 15
-1
What is 11 (base 15) in base 12?
14
3a (base 13) to base 12
41
-7 (base 13) to base 6
-11
Convert -4 (base 9) to base 10.
-4
-1 (base 2) to base 13
-1
20 (base 11) to base 4
112
What is -403 (base 10) in base 6?
-1511
What is 3 (base 7) in base 15?
3
-17 (base 16) to base 14
-19
Convert 1 (base 16) to base 6.
1
Convert 5 (base 14) to base 7.
5
What is 2 (base 12) in base 16?
2
Convert -3 (base 7) to base 4.
-3
Convert -2 (base 12) to base 2.
-10
Convert -1010 (base 2) to base 9.
-11
1022 (base 4) to base 7
134
Convert -1011 (base 2) to base 11.
-10
Convert 10211 (base 3) to base 14.
75
Convert -1 (base 15) to base 9.
-1
What is 3 (base 11) in base 4?
3
5 (base 12) to base 2
101
Convert -22 (base 8) to base 4.
-102
What is 2 (base 9) in base 4?
2
What is 10100011 (base 2) in base 14?
b9
-425 (base 6) to base 2
-10100001
-212 (base 3) to base 13
-1a
-2 (base 11) to base 7
-2
Convert -12 (base 3) to base 13.
-5
0 (base 7) to base 14
0
What is 1 (base 14) in base 10?
1
What is 1 (base 10) in base 5?
1
-10 (base 3) to base 10
-3
What is -533 (base 6) in base 9?
-243
Convert 1101000 (base 2) to base 3.
10212
-15 (base 13) to base 5
-33
-112 (base 3) to base 7
-20
1b5 (base 12) to base 10
281
-140 (base 11) to base 7
-324
What is -2 (base 9) in base 10?
-2
5 (base 13) to base 16
5
What is -3 (base 11) in base 5?
-3
-5 (base 11) to base 13
-5
Convert -4 (base 5) to base 12.
-4
What is -41 (base 6) in base 13?
-1c
Convert 300 (base 4) to base 2.
110000
What is -12 (base 7) in base 8?
-11
40 (base 5) to base 12
18
What is 14 (base 7) in base 8?
13
76 (base 12) to base 6
230
What is -101110 (base 2) in base 3?
-1201
What is -a (base 14) in base 12?
-a
Convert 30 (base 6) to base 3.
200
Convert -56 (base 9) to base 5.
-201
What is -76 (base 16) in base 12?
-9a
What is -1102 (base 3) in base 7?
-53
-4 (base 9) to base 6
-4
Convert 11 (base 5) to base 8.
6
Convert 1033 (base 4) to base 12.
67
What is 1101 (base 2) in base 9?
14
-6a (base 11) to base 3
-2211
What is 11 (base 3) in base 4?
10
-4 (base 7) to base 14
-4
What is 1 (base 3) in base 6?
1
-1 (base 6) to base 13
-1
-b (base 16) to base 12
-b
Convert -1 (base 7) to base 13.
-1
20 (base 11) to base 15
17
-134 (base 5) to base 13
-35
-4 (base 16) to base 2
-100
Convert 100100 (base 2) to base 5.
121
What is -4 (base 11) in base 13?
-4
-21 (base 4) to base 10
-9
-40 (base 13) to base 8
-64
What is 14 (base 5) in base 12?
9
-35 (base 10) to base 11
-32
What is -e (base 16) in base 7?
-20
10 (base 3) to base 2
11
23 (base 6) to base 7
21
-107 (base 8) to base 15
-4b
What is -5 (base 7) in base 14?
-5
Convert -4 (base 7) to base 4.
-10
-4 (base 8) to base 4
-10
Convert -31 (base 6) to base 16.
-13
3 (base 9) to base 8
3
c (base 16) to base 10
12
Convert -24 (base 5) to base 8.
-16
What is -1 (base 8) in base 3?
-1
54 (base 14) to base 6
202
Convert 4 (base 11) to base 5.
4
What is 4 (base 5) in base 4?
10
Convert 121 (base 9) to base 11.
91
Convert -3 (base 8) to base 9.
-3
4b (base 12) to base 7
113
-331 (base 5) to base 9
-111
Convert 1 (base 6) to base 3.
1
-1e (base 15) to base 3
-1002
What is 4 (base 15) in base 12?
4
5 (base 6) to base 4
11
What is 100 (base 2) in base 15?
4
-3 (base 11) to base 15
-3
10 (base 11) to base 3
102
What is 283 (base 9) in base 11?
1a6
34 (base 15) to base 9
54
What is -4 (base 7) in base 10?
-4
Convert -2 (base 8) to base 12.
-2
Convert 11 (base 4) to base 16.
5
What is -2 (base 6) in base 13?
-2
Convert 110110 (base 2) to base 16.
36
-2 (base 11) to base 13
-2
Convert -111 (base 4) to base 16.
-15
0 (base 5) to base 3
0
What is 0 (base 11) in base 8?
0
What is -1f (base 16) in base 10?
-31
Convert -11 (base 6) to base 4.
-13
What is 13 (base 8) in base 7?
14
4 (base 9) to base 7
4
What is -403 (base 